). Let j(d) = -d**3 - 3*d**2 - 11*d - 5. Let a = 29 - 31. Let u be j(a). What is the highest common divisor of u and h?
13
Suppose -i = 1, i = 4*x - 37 - 8. Let k = -108 - -108. Suppose k = 2*w + 4*l - 48, -4*w + 105 = w - 5*l. What is the highest common factor of w and x?
11
Suppose -53*d + 35 + 55 = -16. Let s(y) = -y**3 - 5*y**2 - y - 5. Let q be s(-5). Suppose q*b - 8 = -b. What is the greatest common divisor of b and d?
2
Suppose 3*c = 2*t - t - 32, -c = -3*t. Let j be c/(-462)*7 - (-4902)/22. Let h = 331 - j. Calculate the greatest common divisor of h and 12.
12
Let l = -2475 + 6562. Calculate the highest common divisor of 183 and l.
61
Let l(z) = 91*z**3 + 3*z - 2. Let x be l(2). Suppose -5*t - 35 = -3*n - 2*n, -4*t = 4*n - 68. Calculate the greatest common divisor of x and n.
12
Let v be (((-1320)/77)/((-4)/(-26)))/(3/(-28)). What is the greatest common factor of 30 and v?
10
Let m be 7*229*27/63 - (-5 + -1). Suppose 0 = 13*k - 19*k + 132. Calculate the greatest common factor of m and k.
11
Let o = 13190 + -11394. What is the highest common factor of o and 4?
4
Let n(g) = -g**2 + 111*g - 1700. Let b be n(88). What is the highest common divisor of 2187 and b?
81
Let a(u) = -6*u + 4*u**2 - 3 - 1 - 5. Let t = 3401 + -3395. Let k be a(t). What is the highest common divisor of 11 and k?
11
Suppose -4*i - 2*p = -3*i - 2668, -2*i + 2*p = -5324. What is the highest common factor of 96 and i?
24
Let i be (-64)/(-40)*1*15. Let f = -37 - -82. Suppose -2*c + 75 = -f. What is the highest common divisor of c and i?
12
Let p(o) = -2*o + 1. Let s(k) = -15*k - 193. Let g(n) = 5*p(n) - s(n). Let y be g(-28). Calculate the highest common factor of y and 87.
29
Suppose -u + 2*v + 28 = 0, 4*u + 5*v - 24 = 127. Suppose 0 = -2*o + 69 - 1. What is the highest common factor of u and o?
34
Suppose 2*n - 36 = 50. Suppose -12*h + 272 = -29*h. Let m = n + h. What is the greatest common divisor of m and 9?
9
Let r be ((-513)/45)/(10/(-5550)). What is the greatest common divisor of r and 342?
171
Suppose 14 + 22 = 4*m. Suppose 2508 = -5*k - i, -5*k - 627 = 5*i + 1873. Let d = 508 + k. What is the highest common divisor of d and m?
3
Let f be 30/70 + 432/21. Let q = 423 - 255. Calculate the greatest common factor of f and q.
21
Let j be (-7 + 4)/(-3)*-33. Let b = j + 60. Suppose 13*r - 178 - 173 = 0. Calculate the highest common divisor of r and b.
27
Let j(o) = 1798*o - 237301. Let a be j(132). Let g be 596 + 1/(1*-1). Calculate the greatest common factor of a and g.
35
Let p = -259 - -359. Let n be (28 - 20)/((-11)/(-10) - 1). Calculate the highest common factor of n and p.
20
Suppose -4*n + 0 = -8. Let p be (-3 + n)/(7/(-35)). Suppose p*x - 7*x + 78 = 0. Calculate the highest common divisor of 3 and x.
3
Let v = 6989 + -6645. What is the greatest common factor of 5977 and v?
43
Let k be (-5 - (-1014)/(-10))/(5*12/(-150)). Calculate the highest common divisor of 3325 and k.
133
Let m be 95*(-1 - (-63)/45). Suppose 1886 = m*c + 8*c. Calculate the greatest common divisor of 1189 and c.
41
Suppose -6*c - 8 = -14. Let f be (-9 + -31)/(-1*c). Let y = f + -25. What is the highest common divisor of y and 120?
15
Let y(p) = -2*p**3 - 6*p**2 + 54*p - 18. Suppose -2*z - 3*a = 9, -z + 5*a = -5*z - 21. Let u be y(z). What is the greatest common divisor of 108 and u?
36
Let i(w) = w**2 - 7*w - 27. Let b be i(10). Suppose b*n + 4*r = 352, n = r + 83 + 46. Calculate the highest common factor of n and 558.
62
Suppose -239*b + 4885 = -5870. What is the highest common factor of b and 4365?
45
Let v(g) = -3*g - 2. Let w be v(-2). Let b = 208 + -69. Suppose 0 = -b*m + 145*m - 72. Calculate the highest common factor of m and w.
4
Let g = 66 + -40. Let x = g + -21. Suppose -x*t - 3*q = -192, 3*t - 3*q = 6*t - 120. What is the greatest common divisor of t and 24?
12
Suppose -6*g + 3*g + 64 = -2*d, 3*g - 5*d - 79 = 0. Let b = 36 - -81. Calculate the greatest common divisor of b and g.
9
Suppose -o - y = -87, -5*o + 350 = -o + 3*y. Suppose 0 = o*x - 79*x - 40. Calculate the highest common divisor of x and 7.
1
Let s = -366 - -621. Suppose 12*v - 8*v + 12 = 0, 5*v - s = -5*j. Calculate the greatest common factor of 54 and j.
54
Let r(q) = 251*q - 1969. Let g be r(11). What is the greatest common divisor of 48 and g?
24
Suppose b = 2, 4*q + 3*b - 32 - 82 = 0. Let i = q - 11. Let n be 45/4*i/6. What is the greatest common factor of 20 and n?
10
Suppose -79 = -5*y - 2*z + 23, -4*y = 4*z - 72. Let d(k) = 8*k**3 - k**2 + 4*k - 10. Let l be d(3). What is the highest common factor of l and y?
11
Let n = -24137 - -24138. Suppose -6*v = -2*v - 340. Calculate the highest common factor of n and v.
1
Suppose -s + 178 = -2*p, 565*s = 566*s - 4*p - 180. What is the highest common factor of s and 4796?
44
Let f be (-6 + 10/25)*95. Let a = f - -580. What is the greatest common factor of 15 and a?
3
Suppose -2*v + v - 282 = 0. Let m = v + 288. Calculate the greatest common divisor of m and 30.
6
Let g(o) be the first derivative of o**4/4 - 2*o**3 - 5*o**2/2 + 64*o - 53. Let b be g(6). Calculate the highest common factor of b and 85.
17
Let h be 104/48 + 3/(-18). Let n be h*(-204)/(-3) + -1. Let d be (5/(n/12))/((-4)/(-18)). What is the greatest common divisor of d and 10?
2
Let j = 2326 + -2244. What is the highest common divisor of j and 3239?
41
Let q(i) = -32*i**3 - 36*i - 36. Let y be q(-1). Calculate the highest common factor of y and 784.
16
Let y = 18 - 29. Let k(x) = x**2 + 8*x + 2. Let f be k(y). Suppose 14*l = -7 + 77. Calculate the highest common divisor of f and l.
5
Let i(l) = 110*l - 186. Let c be i(3). Calculate the highest common factor of c and 2088.
72
Let l = 15612 + -15595. Calculate the highest common factor of 1836 and l.
17
Let b = -37 - -47. Let t(g) = -15*g**2 - b*g**3 + 16*g**2 + g**2. Let q be t(-1). What is the highest common factor of q and 1?
1
Suppose 14*h = 132 - 104. Suppose -h*a = 5*a - 147. What is the greatest common factor of a and 12?
3
Suppose 0 = 5*z - 1110 - 1735. Let q = z - 371. Suppose 2*s + q = 13*s. What is the greatest common factor of 9 and s?
9
Let d = -44 + 48. Suppose -5*n = 4*j + 1, -6*n + 2*n + 32 = -5*j. Suppose -5*k - v + 94 = -3*v, 49 = 2*k + n*v. What is the highest common factor of d and k?
4
Let k = 44 + 36346. What is the highest common divisor of 30 and k?
30
Let h be (4/6)/((-20)/396)*(-40)/12. What is the greatest common factor of h and 3586?
22
Suppose 4*w = 78*x - 80*x + 99188, -5*w = -4*x - 123985. Calculate the highest common factor of w and 137.
137
Let i(u) = 6*u + 1 + 122 + 194 + 89 - 88. Let l be i(-49). Calculate the highest common divisor of l and 1176.
24
Suppose -16*i = 164 + 364. Let t = -31 - i. Suppose -2*u + 24 = -28. Calculate the greatest common divisor of u and t.
2
Suppose 4*k - 506 = -2*h, 98*k - 102*k = -5*h - 555. What is the greatest common divisor of 790 and k?
10
Let u = -3 - -9. Suppose -681*f + 26240 + 39136 = 0. Calculate the greatest common factor of f and u.
6
Suppose 2*s = 5*z + 433, -4*z = -2597*s + 2600*s - 592. Let d be -2 - 28/(-1) - 2. What is the highest common divisor of s and d?
12
Let o(w) = 48*w + 1939. Let c be o(-38). Calculate the greatest common factor of 7360 and c.
115
Suppose 55*s - 66*s = 308 - 2387. Calculate the highest common divisor of 999 and s.
27
Let t(s) = 191*s + 18. Let c be t(0). Let q(a) be the first derivative of -7*a**4/2 + a**2 + 3. Let g be q(-2). What is the highest common factor of c and g?
18
Let g = 212 + -203. Let a be -2*((-819)/14)/g. Calculate the greatest common divisor of 403 and a.
13
Let o be (4 + -67 + 6)*-3. Calculate the highest common factor of 133 and o.
19
Let w be 2/5 + (-172)/(-20). Let c be 29/w - ((-100)/36 - -3). Let j(m) = 6*m**2 - 3*m. Let h be j(c). Calculate the greatest common factor of h and 90.
45
Let i be (1 - (-154)/(-10))/(-27 - 35604/(-1320)). Calculate the highest common factor of 168 and i.
24
Suppose 1235*y - 1231*y - 2*o = 458, 0 = -3*y + 4*o + 361. Calculate the greatest common divisor of 1887 and y.
111
Let n(s) = s**3 - s**2. Let q be n(0). Suppose q = -7*j + 37 + 68. Calculate the highest common divisor of 45 and j.
15
Let v be 0 + -12 + 8 + 5116. Suppose 16*z = -488 + v. Calculate the highest common divisor of z and 17.
17
Let s = -4